- 3*h = 21, 12 = -3*b + 2*h - 0*h. What is the units digit of i(b)?
7
Let k(y) = -y**3 + 5*y**2 + 7*y - 2. Let s be k(6). What is the tens digit of s/(-10) + 428/20?
2
Let r = 684 + -471. What is the units digit of r?
3
Let y = 3 - 0. Let a be (-1 + y)*(-21)/6. Let w = 11 + a. What is the units digit of w?
4
Let j(h) = h + 2. Let v be j(2). Let s be v - (-1 - -3) - 3. Let m(w) = 9*w**2 + w. What is the units digit of m(s)?
8
Suppose 5*u = 3*u. Let v be 12 + u + (-8)/4. Suppose 4*l - 62 = 2*i - i, 5*i = v. What is the units digit of l?
6
Let g = -23 + 41. What is the tens digit of g?
1
Let t(n) = -5*n - 3. Let a(p) = 14*p + 8. Let u(v) = 6*a(v) + 17*t(v). What is the units digit of u(-7)?
4
Let k(g) = 2*g**2 + 1. Suppose -3*a + l - 11 = 0, -4*a - 24 = -4*l - 4. What is the units digit of k(a)?
9
Suppose -1 = -z + 2. Suppose o = z*o + 22. What is the units digit of -5 + 2 - (o - -1)?
7
Let g(n) = n**2 - 9*n + 2. Let l be g(9). What is the units digit of 2 + (l + -2 - 0)?
2
Let v be (-3)/7 - 78/14. Let a(s) = 2*s**2 + 7*s - 7. What is the tens digit of a(v)?
2
Suppose -h + 55 = 2*r, -2*h - 96 = -5*r + 19. What is the tens digit of r?
2
Let p be (-7)/(2/4*2). Let q(d) = -d**3 - 8*d**2 - 11*d - 5. What is the units digit of q(p)?
3
Suppose 0 = 2*c - 4*b - 36 - 20, 3*c - 84 = 5*b. What is the tens digit of c?
2
Let b(c) = 2*c**2 + 1. Let n(m) be the third derivative of m**5/60 - m**4/12 + m**3/6 - m**2. Let h be n(2). What is the units digit of b(h)?
3
Let s(l) = -l**2 + 14*l - 10. What is the tens digit of s(7)?
3
Suppose 0 = 6*g - 2*g. Let y be (1 + g)*(-7 + 10). Suppose 0 = -0*n - y*n + 39. What is the units digit of n?
3
Suppose -j = 4*s + 28, s + j - 3*j + 7 = 0. Let p = 21 + s. What is the tens digit of p?
1
Let p(m) = 6*m**3 - 2*m + 1. Let y be p(1). Suppose -5*a - 20 = -y. What is the units digit of (-1)/a - 32/(-12)?
3
Let i(w) = -2*w**2 - w. Let m be i(-2). What is the units digit of (-62)/(-10) - m/(-30)?
6
Suppose 2*m - 168 = -6*x + 2*x, 3*x = 9. Suppose t + 4*f - 46 = -t, 4*t + f = m. Let j = t - 5. What is the units digit of j?
4
Let d = 16 + 12. Let u = d + -10. What is the tens digit of u?
1
What is the tens digit of (2/8)/((-8)/(-12832))?
0
Let d = -25 - -19. What is the units digit of (-46)/d + 3/9?
8
Let i(z) = -11*z + 18*z - 5*z**2 - 7 + z - z**3. What is the tens digit of i(-7)?
3
Suppose -221 = -5*d + 369. Suppose -l + 4*l - d = -2*t, t - 64 = l. What is the units digit of t/10 + (-5)/25?
6
What is the tens digit of ((-404)/(-6))/((-6)/(-9))?
0
Let a(r) = -r**2 + 32*r + 24. What is the hundreds digit of a(17)?
2
Suppose 3*m - 9 = -3*n, -5*n - m + 3 = -2*n. Suppose n = 4*d - 13 + 5. What is the units digit of d?
2
Suppose -103 = 6*g - 7*g. What is the tens digit of g?
0
Let b(h) = 2*h + 3. Let s be b(-6). Let z = -5 - s. What is the units digit of z?
4
Let l(w) = 7*w**2 - w**3 - 1 + 5*w + 5*w - 9. What is the units digit of l(8)?
6
Suppose -2*g - 2 = -3*g. Suppose -g = -3*u + 2*u. Suppose u*f - 6 = -2. What is the units digit of f?
2
Suppose -3*d - 189 + 567 = 0. What is the hundreds digit of d?
1
Let y(u) = 3*u**3 - u**2 - 7*u - 1. What is the units digit of y(4)?
7
Let b(p) = 2*p**2 + 7*p. Let q(v) = -10*v**2 - 36*v + 1. Let x(l) = 11*b(l) + 2*q(l). What is the tens digit of x(-4)?
1
Suppose 18 = x + 2*x + 2*c, -5*c = -15. Suppose 0 = 4*g + 8 + x. What is the units digit of (2/4)/(g/(-54))?
9
Suppose c = 2 - 6, -4*d = -3*c - 36. What is the units digit of d?
6
Suppose 3*i = 421 + 218. What is the tens digit of i?
1
Let q be (-18)/4*(-9 - -7). What is the units digit of (15/q + -1)*9?
6
Let o(y) = 3*y - 2 - 5*y + y. Let l be o(-6). Suppose 2*n + 4*a = 22, 0 = 3*n + l*a - 0 - 23. What is the units digit of n?
1
Suppose 0 = 14*z - 19*z + 205. What is the units digit of z?
1
Let l = 0 + 110. What is the units digit of l?
0
Let p(c) = c**2 - 8*c + 12. Let m be p(7). Suppose -m*h + 134 = 9. What is the units digit of h?
5
Suppose -2*p + 1 = 5. Let n(k) = -k + 3. Let c be n(6). Let a = p - c. What is the units digit of a?
1
Let n(s) = 8*s**2 - 4*s - 6. What is the units digit of n(-3)?
8
Let r(m) = 2 + 3*m + 6*m**2 - m - 3*m + m**3. What is the tens digit of r(-3)?
3
Let q(u) = -u**2 + 5*u + 2. Let p be q(5). Suppose -p*f = -6*f + 8. What is the units digit of f?
2
Let t(b) = -b + 5. Let k be (12 + -12)*(-1)/(-2). What is the units digit of t(k)?
5
Let h(g) = -g**3 - 5*g**2 + g + 4. Let c be h(-5). Let u be 2 + 10 + 2 - c. Suppose -4*j + u = j. What is the units digit of j?
3
Let g = 36 - -28. What is the tens digit of g?
6
Let r be (-2 - 0)/(4/(-10)). Suppose -4*w + r*z = 11, 0*w + 4*w = -3*z + 13. What is the units digit of w?
1
Suppose 0 = -2*o + 9 + 3. Let v(n) = 2*n - 9. Let j be v(o). Suppose 4 = -j*d + 19. What is the units digit of d?
5
Let w(z) = -z + 2. Let r(c) = -c - 1. Let g be r(0). Let d = g + -5. What is the units digit of w(d)?
8
Let f(v) = v**2 - 6*v + 5. Let u be f(5). Suppose 0 = -u*b + 4*b - 144. Suppose 0 = -m + c + 16, -m + 4*c + b = m. What is the units digit of m?
4
Suppose 0 = -h + g + 211, -7*h - g + 215 = -6*h. What is the tens digit of h?
1
Suppose 4*l + 41 + 31 = 0. Let w = -12 - l. Suppose w = -3*y + 30. What is the units digit of y?
8
Suppose 3*z + c = -z + 409, 2*c + 394 = 4*z. What is the tens digit of z?
0
Suppose -l + 14 = -3. What is the tens digit of l?
1
Let s(x) be the first derivative of x**4/4 + x**3 - 5*x**2/2 - 3*x - 2. Let b = 6 + -10. What is the units digit of s(b)?
1
Let z(g) = -g + 3. Let h(t) = -t - 1. Let d be h(3). What is the units digit of z(d)?
7
What is the tens digit of 358/8 + 3/(-4)?
4
Suppose -2*f + 6 = -0. Suppose 2*b - 4*b = 0. Suppose b - 21 = -f*c. What is the units digit of c?
7
Suppose 3 = -3*j - 0. Let a(t) = 3*t**2 - 4*t + 1. Let l(x) = x**2 + x - 1. Let d(i) = j*a(i) + 2*l(i). What is the units digit of d(2)?
5
Suppose 50 = p - 0*p. Let z = p - 24. What is the units digit of z?
6
Suppose 0 = w - 3*w + 6. Suppose -8 - 55 = -w*j. Suppose 0 = 3*d - 9 - j. What is the tens digit of d?
1
Suppose j + 7 = -0*j - 2*k, 5 = -5*j + 5*k. Suppose 3*p - 3*b + 69 = 0, -b = 3*p + 6 + 67. What is the units digit of (-2)/(-2)*p/j?
8
Let t(j) = j**2 + 5*j. Suppose 0*a - a = 6. Let u be t(a). Suppose -r = -5*c + 14, u = 4*r - r + c. What is the units digit of r?
1
Let g(y) be the first derivative of -y**5/60 + y**4/6 + y**3 + 3. Let j(t) be the third derivative of g(t). What is the tens digit of j(-5)?
1
What is the hundreds digit of (-36)/48 - ((-2742)/8 + 1)?
3
Suppose 0 = -4*g + 6*g - 102. What is the tens digit of g?
5
Suppose -d - d + 2*n - 4 = 0, -2*d - 4*n + 2 = 0. Let i be -1*(d - -2) + 2. What is the units digit of (-4)/4 + 2/i?
1
Suppose -98 = 2*n + 5*y, -2*y + 2 = -3*y. Let v = -3 - n. Suppose -2*g = g - 5*u - 35, 4*u + v = 5*g. What is the units digit of g?
5
Let b = 147 + -96. What is the units digit of b?
1
Let l(u) = -2*u**3 - 2*u**2 - 2*u + 2. Let p be l(-2). Let k be 4/p + (-108)/(-14). Suppose 0 = 2*z + 2*z - k. What is the units digit of z?
2
Let y(r) be the third derivative of -r**5/60 + r**4/24 - r**3/6 + 2*r**2. Let v(a) = -8*a + 4. Let w(s) = -v(s) + y(s). What is the units digit of w(8)?
3
Let x = -69 + 193. What is the tens digit of x?
2
What is the tens digit of ((-279)/(-6) - 2) + (-3)/6?
4
Let y(h) = -h - 2. Let x be y(-7). Suppose 0 = 4*z - 12, 5*t = -x*z - 3 + 33. Suppose 0 = 5*l + 5, -t*g + 7 + 10 = 4*l. What is the units digit of g?
7
Let b(h) = -h**2 - h + 2. Let m be b(3). Let l = 34 + m. What is the units digit of l?
4
Let g(t) = t**3 - 4*t**2 - 2*t. Let r be g(4). Let d = r - -1. Let u = d + 16. What is the units digit of u?
9
Suppose 3*q = -q. Let g = 5 - q. Let b(l) = l**3 - 4*l**2 - 5*l + 3. What is the units digit of b(g)?
3
Let r(w) = w**2 - 6*w + 2. Let m be r(8). Let n = m + -36. Let p = n + 32. What is the units digit of p?
4
Let b = 4 + -16. Let q = b + 18. Suppose -2*c - q = -30. What is the tens digit of c?
1
Let o = -52 + 133. What is the tens digit of o?
8
Suppose -4*n + 138 - 26 = 0. What is the tens digit of n?
2
Let w = -26 - -17. Let x(p) = p**3 - 9*p**2 + 8*p - 3. Let m be x(8). Let j = m - w. What is the units digit of j?
6
Let i be 24/(-30) - 1/5. Let q be (-1 - (0 - 2))/i. Let p(s) = -4*s - 1. What is the units digit of p(q)